686?
14
What is the greatest common factor of 9976 and 1392?
232
What is the highest common divisor of 41100 and 300?
300
What is the greatest common factor of 3 and 255?
3
Calculate the highest common divisor of 2 and 2396.
2
What is the highest common factor of 3978 and 9?
9
Calculate the greatest common factor of 8639 and 477.
53
Calculate the highest common factor of 13 and 351.
13
Calculate the highest common divisor of 16 and 448.
16
What is the greatest common factor of 12 and 42?
6
What is the greatest common divisor of 2924 and 68?
68
What is the greatest common divisor of 143 and 91?
13
Calculate the highest common factor of 2 and 62.
2
What is the highest common divisor of 527 and 62?
31
Calculate the highest common factor of 658 and 5358.
94
What is the greatest common factor of 1369 and 37?
37
What is the highest common factor of 64 and 1?
1
Calculate the greatest common factor of 8288 and 364.
28
What is the highest common divisor of 344 and 256?
8
What is the greatest common factor of 236 and 413?
59
What is the greatest common factor of 22974 and 42?
42
What is the highest common factor of 22263 and 123?
123
What is the greatest common divisor of 96 and 240?
48
Calculate the highest common divisor of 18533 and 43.
43
Calculate the greatest common divisor of 1536 and 48.
48
Calculate the greatest common factor of 58 and 342.
2
What is the greatest common factor of 194 and 16?
2
What is the greatest common divisor of 87 and 8961?
87
What is the greatest common factor of 48 and 36?
12
Calculate the highest common factor of 264 and 165.
33
What is the greatest common divisor of 16559 and 58?
29
What is the highest common factor of 2622 and 69?
69
What is the greatest common factor of 1090 and 150?
10
Calculate the greatest common divisor of 2425 and 291.
97
Calculate the highest common divisor of 1950 and 52.
26
What is the greatest common divisor of 304 and 32?
16
Calculate the greatest common divisor of 620 and 20.
20
What is the highest common divisor of 1763 and 41?
41
Calculate the greatest common divisor of 60 and 48.
12
What is the greatest common divisor of 3 and 129?
3
Calculate the greatest common factor of 234 and 182.
26
What is the greatest common factor of 230 and 69?
23
Calculate the highest common factor of 216 and 10.
2
Calculate the highest common divisor of 60 and 1590.
30
Calculate the greatest common divisor of 1 and 71.
1
What is the highest common divisor of 255 and 102?
51
What is the highest common divisor of 104 and 72?
8
Calculate the highest common divisor of 96 and 72.
24
Calculate the greatest common divisor of 85 and 49.
1
Calculate the greatest common divisor of 25 and 1475.
25
Calculate the greatest common factor of 92 and 4462.
46
Calculate the highest common factor of 55 and 187.
11
Calculate the greatest common factor of 10927 and 223.
223
Calculate the highest common factor of 34 and 17986.
34
What is the greatest common divisor of 696 and 240?
24
What is the greatest common factor of 21 and 567?
21
What is the highest common divisor of 300 and 504?
12
What is the highest common divisor of 1200 and 4?
4
What is the highest common divisor of 1054 and 136?
34
What is the greatest common factor of 56 and 112?
56
Calculate the greatest common factor of 170 and 1632.
34
Calculate the greatest common divisor of 60 and 4860.
60
What is the highest common divisor of 5561 and 249?
83
Calculate the highest common divisor of 7 and 1379.
7
What is the highest common factor of 44 and 308?
44
What is the highest common factor of 2187 and 27?
27
Calculate the highest common divisor of 24 and 276.
12
What is the greatest common divisor of 585 and 65?
65
Calculate the highest common factor of 27460 and 20.
20
What is the greatest common divisor of 9 and 99?
9
What is the greatest common factor of 3507 and 21?
21
What is the greatest common factor of 192 and 9?
3
Calculate the greatest common divisor of 5750 and 150.
50
Calculate the greatest common divisor of 86 and 387.
43
Calculate the greatest common factor of 56 and 8.
8
Calculate the highest common divisor of 2509 and 39.
13
What is the greatest common divisor of 52 and 32?
4
Calculate the greatest common factor of 17 and 3230.
17
Calculate the greatest common divisor of 175 and 4.
1
Calculate the greatest common factor of 14 and 413.
7
Calculate the greatest common divisor of 108 and 19386.
54
Calculate the highest common factor of 44 and 110.
22
What is the greatest common factor of 176 and 220?
44
Calculate the highest common factor of 374 and 34.
34
What is the highest common factor of 88 and 19426?
22
What is the greatest common divisor of 1014 and 273?
39
What is the highest common factor of 1228 and 4?
4
What is the greatest common divisor of 594 and 16929?
297
What is the greatest common divisor of 116 and 116?
116
What is the highest common factor of 13 and 221?
13
Calculate the highest common divisor of 13536 and 176.
16
What is the greatest common divisor of 247 and 19?
19
What is the greatest common divisor of 153 and 17?
17
Calculate the greatest common divisor of 17 and 952.
17
What is the greatest common divisor of 220 and 352?
44
Calculate the greatest common factor of 20553 and 39.
39
What is the highest common divisor of 1976 and 361?
19
What is the greatest common factor of 555 and 23125?
185
What is the highest common factor of 54 and 90?
18
What is the greatest common factor of 952 and 616?
56
What is the highest common factor of 118 and 10502?
118
Calculate the highest common factor of 28 and 21.
7
Calculate the greatest common divisor of 35 and 21.
7
What is the greatest common factor of 99 and 72?
9
Calculate the greatest common factor of 493 and 348.
29
Calculate the greatest common divisor of 185 and 5.
5
What is the highest common factor of 850 and 525?
25
What is the greatest common factor of 2 and 542?
2
Calculate the greatest common factor of 468 and 936.
468
Calculate the greatest common divisor of 2805 and 102.
51
Calculate the highest common factor of 111 and 3.
3
What is the highest common factor of 1280 and 32?
32
Calculate the greatest common divisor of 45 and 180.
45
What is the greatest common factor of 2022 and 8?
2
What is the highest common factor of 3121 and 1?
1
What is the greatest common factor of 144 and 54?
18
What is the greatest common factor of 10 and 2?
2
What is the highest common divisor of 100 and 230?
10
What is the highest common divisor of 252 and 42?
42
Calculate the highest common divisor of 198 and 648.
18
Calculate the greatest common factor of 72 and 384.
24
What is the highest common factor of 92 and 4071?
23
Calculate the greatest common factor of 429 and 33.
33
What is the greatest common divisor of 64 and 18752?
64
What is the greatest common factor of 45 and 33435?
45
Calculate the greatest common divisor of 1 and 4.
1
What is the greatest common divisor of 13 and 10309?
13
Calculate the greatest common factor of 120 and 294.
6
Calculate the highest common divisor of 18 and 639.
9
What is the greatest common divisor of 6072 and 616?
88
Calculate the greatest common divisor of 99 and 132.
33
What is the highest common factor of 195 and 39?
39
Calculate the greatest common factor of 282 and 12.
6
What is the highest common divisor of 44 and 396?
44
What is the greatest common factor of 43 and 88279?
43
What is the highest common divisor of 4 and 452?
4
What is the greatest common factor of 3405 and 30?
15
What is the greatest common divisor of 23701 and 137?
137
What is the greatest common divisor of 48 and 168?
24
What is the highest common divisor of 182 and 1261?
13
What is the highest common factor of 1856 and 58?
58
What is the highest common factor of 16 and 11144?
8
What is the greatest common factor of 39 and 1573?
13
Calculate the greatest common factor of 410 and 984.
82
What is the greatest common divisor of 99 and 21087?
99
What is the highest common factor of 234 and 442?
26
What is the greatest common divisor of 32 and 1624?
8
Calculate the greatest common divisor of 15 and 27.
3
Calculate the greatest common divisor of 12285 and 45.
45
Calculate the greatest common factor of 123 and 20746.
41
Calculate the highest common factor of 539 and 147.
49
Calculate the greatest comm